 of n?
4
Let s = 523 - 768. Let k = -177 - s. What is the units digit of k?
8
Suppose -39*s + 51166 - 14140 = -13518. What is the thousands digit of s?
1
Let h(m) = -173*m + 14. Let z = 487 - 493. What is the tens digit of h(z)?
5
Let o = 27 + -62. Let z = 27 + o. Let x(s) = -7*s + 8. What is the units digit of x(z)?
4
Suppose 3*q = 5*q - 5*u + 20, 0 = 5*q - 3*u + 12. Suppose 11*d - 10*d - 282 = q. Suppose 4*b - i = d, 0 = -0*b - 3*b + 4*i + 205. What is the tens digit of b?
7
Suppose -f + 43 = -a - a, 5*a = -4*f + 159. Let c = 40 + f. Suppose -c*p = -79*p - 48. What is the tens digit of p?
2
Let m(o) = 710*o**2 + 32*o + 153. What is the tens digit of m(-6)?
2
Suppose 9*g = 1079 + 4402. Let a = g + -571. What is the units digit of a?
8
Suppose 3*g + 3 - 13 = -4*a, -2*a + 10 = -g. What is the hundreds digit of 100 - (g + -4 + 1)?
1
Let j = 98 - 93. Suppose -3*a + 49 = -g, j*a + 4*g = 3*g + 71. Let y(n) = n**3 - 15*n**2 + 15*n + 3. What is the units digit of y(a)?
8
Let h(r) = r**2 + 5*r + 4. Let d(a) = a - 10. Suppose 9*v + 17 = -10. Let f be d(v). What is the hundreds digit of h(f)?
1
Let d = -61 + 63. Let b be ((-1)/d)/((-2)/(-280)*-1). Suppose -i + 4*l + b = 0, -i + 44 + 34 = -2*l. What is the units digit of i?
6
Suppose 194*a = 148*a + 87630. What is the hundreds digit of a?
9
Let d = -530 - -1833. What is the thousands digit of d?
1
Let v(a) = -16*a - 10. Let p = -88 - -69. What is the tens digit of v(p)?
9
Let p be (-3378)/(3/10*(-35)/7). Suppose -5*k - p = -4*s, -28*k + 27*k = 0. What is the tens digit of s?
6
What is the thousands digit of (-48964)/12*(-125 + 116)?
6
Suppose 0 = -3*n + 7*n - 12. Suppose -3 = -3*l + n. Suppose 0 = -l*b + 39 - 13. What is the tens digit of b?
1
Let x(j) = 43*j + 22. Let p(o) = -2*o - 1. Let a(d) = -22*p(d) - 2*x(d). What is the tens digit of a(-19)?
7
Let r(z) be the first derivative of 5*z**3/3 - 2*z**2 + 4*z + 46. Let b be r(2). What is the tens digit of 79/(-632) - (-1 + (-4514)/b)?
8
Let x(g) = 5*g**2 + 2*g - 1. Let y = 43 - 31. Let n be (4/(-14))/(y/(-168)). What is the tens digit of x(n)?
8
Let w(s) = 48*s**2 + 44*s + 642. What is the thousands digit of w(-8)?
3
Suppose 11*x = 74 - 1119. Let b = -450 + 637. Let f = x + b. What is the tens digit of f?
9
Suppose 14*t - 16*t = -2362. Let x = t + -406. What is the tens digit of x?
7
Let s = 110 + -106. Let y(m) = -2*m**3 - 4*m**2 - m + 2. Let z be y(-2). Suppose s*v + z = 76. What is the tens digit of v?
1
Let i(a) = 3*a**2 - 12*a - 20. Let n be i(6). Suppose n*r = -r + 21454. What is the thousands digit of r?
1
Let d = 24439 + 10454. What is the hundreds digit of d?
8
Suppose -8*z = -3*z + 20, -2*z = -5*l + 8. Let g be (l - -21) + (1 - 2). Suppose g + 106 = 2*h. What is the units digit of h?
3
Let c(i) = 148*i + 58. Let l be c(6). What is the tens digit of 18 + l - (-8 + 2)?
7
Let d be 6084/1170*(562 + -1 - 1). Suppose 0 = 7*k - 3472 - d. What is the tens digit of k?
1
Let r = 355 + -352. Suppose -2*a - 10 = 0, -5*v + 6*a + 3600 = r*a. What is the units digit of v?
7
Let n(p) = -7821*p + 5178. What is the tens digit of n(-4)?
6
Let a = 260 - 250. Suppose 25772 = a*f + 9752. What is the units digit of f?
2
Let c(x) = 22*x - 48. What is the units digit of c(6)?
4
Suppose 0 = 3*o + 2*q - 119912, -250*o - 159884 = -254*o - 4*q. What is the thousands digit of o?
9
Let b = 11 + -11. Let h be (1 + b)/(2/36). Let x = 104 - h. What is the tens digit of x?
8
Let f be -202*((-18)/(-4))/(-9). Let d = -103 + f. What is the units digit of (1 + 3)/(d/(-17))?
4
Let s(r) = r**3 - 19*r**2 + 21*r - 43. Suppose 3*u - 7*u = -3*h + 42, 3*h + 2*u = 60. What is the tens digit of s(h)?
1
What is the units digit of (15 + -8)*(-478940)/(-245)?
4
Let l = 27989 - 11901. What is the tens digit of l?
8
What is the thousands digit of (-1 - 1 - 76/(-57))*-9462?
6
Suppose 3*a + 63420 = 5*l, -2*l + 5*a = -3*l + 12656. What is the ten thousands digit of l?
1
Let o be 6 + -9 + -1 + 929. Let b = -515 + o. What is the tens digit of b?
1
Let q be 9/(-27) - 1/(-3). Let v(y) = 4*y**2 + y**3 + 14 - 2*y**2 - 3*y**2 + 88. What is the hundreds digit of v(q)?
1
Suppose 4*k + 5*z - 904 = 7949, 2*z - 2217 = -k. What is the units digit of k?
7
Suppose c - 5*f = 15, -3*f = -4*f - 2. Suppose -5*p = 3*o - 9 - 1, 0 = -4*p + c*o + 45. Suppose -p*a - 40 = -7*a. What is the units digit of a?
0
Let f = 91 - -192. Suppose -r = 4*k - 1600, r + f = -5*k + 2284. What is the tens digit of k?
0
Let v = -14 - -51. Suppose v - 12 = -5*y. What is the tens digit of (-6)/(-15) - 1088/y?
1
Let k = 9032 + 4132. Suppose 35*m - k = 23*m. What is the hundreds digit of m?
0
Suppose 0 = b + 4*t - 68236, -259*b - t = -256*b - 204653. What is the hundreds digit of b?
2
Suppose 0 = -2*z - y + 179, -y + 420 = 5*z - 4*y. Suppose -b = -6 - z. Let s = b - 44. What is the units digit of s?
9
Let w(a) = 111*a**2 + 13*a + 119. What is the tens digit of w(-7)?
6
Let w(q) = 32*q - 46 - 26 - 41*q - 23. What is the units digit of w(-11)?
4
Let b(g) = -49*g**3 - g**2 - g. Suppose 0 = -3*l - 4*i + 15 + 6, 4*l + 4*i - 28 = 0. Suppose -13*q - 6 = l. What is the tens digit of b(q)?
4
What is the tens digit of ((-4351077)/45)/(-9) + 4/(-10)?
4
Suppose 0 = -2*y + 5*d + 80849, -17*d + 13*d - 12 = 0. What is the hundreds digit of y?
4
Let n = -81 + 171. Let m = -136 + n. Let c = m + 148. What is the hundreds digit of c?
1
Let z(r) = -10*r**3 - 3*r**2 + 15*r + 28. Let o be z(-7). Let b = -1435 + o. What is the units digit of b?
1
Let i(x) be the third derivative of -x**5/60 - x**4/12 - 191*x**3/6 + 31*x**2. Let z be i(0). What is the tens digit of (1 - z/9) + 10/(-45)?
2
Let z = 739 + -468. Let d = z - -67. What is the hundreds digit of d?
3
Suppose -j = -2*a, -a - 1 = j - 4. Let m(b) = -3*b - 11. Let h be m(-5). Suppose -x + h = -y - 78, y - 170 = -j*x. What is the units digit of x?
4
Suppose 5*s = 7*s - z - 5, 3*s - 2*z = 7. Let r be (s + -8 - -6)*-2. What is the hundreds digit of r*1/6*-537?
1
Let s = 58826 - 21556. What is the tens digit of s?
7
Suppose -389381 = 23*j - 50*j + 454477. What is the thousands digit of j?
1
Suppose -5*n + 3320 = 5*g, -2*n + 2*g + 384 = -952. What is the tens digit of n?
6
Let y be 24/(6 - 4 - 3). Let j be -8 - -4 - y/4. Let i = j + 59. What is the tens digit of i?
6
Suppose -55*t + 57*t - 14551 = 3*q, -6 = -2*q. What is the thousands digit of t?
7
Let t(r) = 44149*r**3 + r**2 + 2*r - 1. What is the units digit of t(1)?
1
Suppose -5*n + 13 = -4*y, -2*n - 4 = 5*y + 4. Let b be (876 - (y + 2))*(-6)/(-3). Suppose 6*g + 2*g - b = 0. What is the units digit of g?
9
Let t = 15506 - 8536. What is the units digit of t?
0
Let x(o) be the first derivative of 143*o**3/3 - 17*o**2/2 + 4*o + 216. What is the hundreds digit of x(2)?
5
Let p be 2 - (-1)/((-4)/(-16)). Suppose -w - 3*h - 35 = -p*w, h = -4*w + 28. Let f(t) = -t**2 + 24*t - 1. What is the hundreds digit of f(w)?
1
Let p(z) = 137*z**2 - 34*z - 489. What is the thousands digit of p(-9)?
0
Suppose 789 = -5*z + 2*d, -17*z + 15*z - 2*d = 324. Let i = z - -1242. What is the units digit of i?
3
Let k(c) = -8*c**2 - 27*c - 33. Let v be k(-10). Let w = -310 - v. What is the hundreds digit of w?
2
Let f be -12*(4 - 65/15). Suppose -f*t - 5*q = -2336 + 276, 4*t - 2060 = q. What is the hundreds digit of t?
5
Let i = 1960 + 434. Let j = -1667 + i. What is the units digit of j?
7
Let g be 3/((-3)/(-2))*1 + -26000. What is the hundreds digit of 5/(6/(g/(-35)))?
6
Let s(g) = -110 - 4*g + g**2 - 4 + 49. Let z be s(-27). Suppose 4*r - 8*r + z = 0. What is the hundreds digit of r?
1
What is the ten thousands digit of (2208/(-160))/((-4*(-3)/27420)/(-1))?
3
Let a = 14 - 8. Suppose 2*l - a*l = 160. Let i = 128 + l. What is the tens digit of i?
8
Let y(f) = 4*f**2 + 5*f - 146. Let q be -49*(-5)/((-105)/6). What is the units digit of y(q)?
8
What is the tens digit of 4/(-2)*(19 + 6036/(-2))?
9
Suppose t - 8 = 3*z, 3*t + 18 = -4*z + 55. Suppose -593 + 7281 = t*d. What is the hundreds digit of d?
6
Let n be 3 - 5/(-10)*0. Suppose -2*m = c - 1, -c = -n*m + 2*m + 8. Let h(u) = -9*u + 6. What is the tens digit of h(c)?
5
Let t(v) = -826*v - 2557. What is the hundreds digit of t(-66)?
9
What is the ten thousands digit of 96538/8 - (27/76 - 64/608)?
1
What is the thousands digit of ((-1154)/(-3